{"id":8,"date":"2016-05-16T19:11:03","date_gmt":"2016-05-16T19:11:03","guid":{"rendered":"http:\/\/acicorporation.com\/?page_id=8"},"modified":"2025-05-13T19:00:52","modified_gmt":"2025-05-13T23:00:52","slug":"aci-consultora-de-ingenieria-civil","status":"publish","type":"page","link":"https:\/\/acicorporation.com\/espanol\/","title":{"rendered":"INICIO"},"content":{"rendered":"<div class=\"wpb-content-wrapper\">[vc_row equal_height=&#8221;yes&#8221; video_bg_url=&#8221;https:\/\/www.youtube.com\/watch?v=IZabdHj5dSs&#8221; video_bg_parallax=&#8221;content-moving&#8221; video_bg=&#8221;youtube&#8221; visibility=&#8221;visible-desktop&#8221; el_id=&#8221;DesktopOnly&#8221;][vc_column][vc_single_image image=&#8221;710&#8243; alignment=&#8221;center&#8221; css=&#8221;.vc_custom_1523998890546{padding-top: 220px !important;padding-bottom: 100px !important;}&#8221;][\/vc_column][\/vc_row][vc_row equal_height=&#8221;yes&#8221; visibility=&#8221;hidden-desktop&#8221; el_id=&#8221;DesktopHidden&#8221; css=&#8221;.vc_custom_1523462971945{background-image: url(https:\/\/acicorporation.com\/wp-content\/uploads\/2018\/04\/home-bg-1.jpg?id=891) !important;background-position: center !important;background-repeat: no-repeat !important;background-size: cover !important;}&#8221;][vc_column][vc_single_image image=&#8221;329&#8243; alignment=&#8221;center&#8221; css=&#8221;.vc_custom_1519412077187{padding-top: 220px !important;padding-bottom: 100px !important;}&#8221;][\/vc_column][\/vc_row][vc_row center_row=&#8221;yes&#8221; css=&#8221;.vc_custom_1519843630873{margin-bottom: 0px !important;border-bottom-width: 0px !important;padding-top: 70px !important;padding-right: 7% !important;padding-bottom: 70px !important;padding-left: 7% !important;background-color: #ffffff !important;}&#8221;][vc_column][vc_column_text css=&#8221;&#8221;]\n<h3 style=\"text-align: center;\">En ACI CORPORATION, combinamos m\u00e1s de 35 a\u00f1os de experiencia con un firme compromiso con la calidad y la innovaci\u00f3n.\u00a0\u00a0Transformando ideas en obras de infraestructura de alto impacto que marcan la diferencia.<\/h3>\n[\/vc_column_text][vc_separator color=&#8221;custom&#8221; align=&#8221;align_left&#8221; border_width=&#8221;3&#8243; css=&#8221;.vc_custom_1745632226337{padding-top: 20px !important;padding-bottom: 20px !important;}&#8221; accent_color=&#8221;#4dab00&#8243;][vc_column_text css=&#8221;&#8221;]ACI CORPORATION se consolida como un grupo l\u00edder, con presencia estrat\u00e9gica en Latinoam\u00e9rica y Estados Unidos, y el respaldo de organismos como el BID, el Banco Mundial y el BCIE.<\/p>\n<p>Nos diferenciamos por contar con un s\u00f3lido Sistema de Gesti\u00f3n de Calidad respaldado por la certificaci\u00f3n ISO, un equipo humano de elite con competencias altamente valoradas en el \u00e1mbito internacional, como ser expertos en contratos FIDIC y especialistas en resoluci\u00f3n de disputas DAB y una de las m\u00e1s avanzadas infraestructuras tecnol\u00f3gicas del sector, con programas y equipos de \u00faltima generaci\u00f3n, garantizando soluciones \u00f3ptimas, sostenibles y de clase mundial.<\/p>\n<p>Reforzamos nuestro compromiso con la excelencia t\u00e9cnica al ser miembros de la American Society for Photogrammetry and Remote Sensing (ASPRS) y de la Management Association for Private Photogrammetric Surveyors (MAPPS), dos de las principales asociaciones internacionales en LiDAR y fotogrametr\u00eda.[\/vc_column_text][vc_separator color=&#8221;custom&#8221; align=&#8221;align_left&#8221; border_width=&#8221;3&#8243; css=&#8221;.vc_custom_1745632226337{padding-top: 20px !important;padding-bottom: 20px !important;}&#8221; accent_color=&#8221;#4dab00&#8243;][\/vc_column][\/vc_row][vc_row][vc_column width=&#8221;1\/6&#8243;][\/vc_column][vc_column width=&#8221;1\/6&#8243;]<style>.vcex-image.vcex_69ec8fcacf102 .vcex-image-img{object-position:right;}<\/style><figure class=\"vcex-image vcex-module vcex_69ec8fcacf102\"><div class=\"vcex-image-inner wpex-relative wpex-inline-block\"><img width=\"600\" height=\"421\" src=\"https:\/\/i0.wp.com\/acicorporation.com\/espanol\/wp-content\/uploads\/sites\/4\/2025\/04\/Cessna206_01-e1745854392439.jpg?fit=600%2C421&amp;ssl=1\" class=\"vcex-image-img wpex-align-middle\" alt=\"\" loading=\"lazy\" decoding=\"async\" srcset=\"https:\/\/i0.wp.com\/acicorporation.com\/espanol\/wp-content\/uploads\/sites\/4\/2025\/04\/Cessna206_01-e1745854392439.jpg?w=600&amp;ssl=1 600w, https:\/\/i0.wp.com\/acicorporation.com\/espanol\/wp-content\/uploads\/sites\/4\/2025\/04\/Cessna206_01-e1745854392439.jpg?resize=300%2C211&amp;ssl=1 300w\" sizes=\"auto, (max-width: 600px) 100vw, 600px\" \/><\/div><\/figure>[vc_column_text css=&#8221;&#8221;]Sistema LiDAR a\u00e9reo tripulado, sistema LiDAR a\u00e9reo no tripulado, sistema LiDAR terrestre y c\u00e1maras especializadas para obtener fotos a\u00e9reas geo-referenciadas.[\/vc_column_text][\/vc_column][vc_column width=&#8221;1\/6&#8243;]<figure class=\"vcex-image vcex-module\"><div class=\"vcex-image-inner wpex-relative wpex-inline-block\"><img width=\"600\" height=\"421\" src=\"https:\/\/i0.wp.com\/acicorporation.com\/espanol\/wp-content\/uploads\/sites\/4\/2025\/04\/FWD01.png?fit=600%2C421&amp;ssl=1\" class=\"vcex-image-img wpex-align-middle\" alt=\"\" loading=\"lazy\" decoding=\"async\" srcset=\"https:\/\/i0.wp.com\/acicorporation.com\/espanol\/wp-content\/uploads\/sites\/4\/2025\/04\/FWD01.png?w=600&amp;ssl=1 600w, https:\/\/i0.wp.com\/acicorporation.com\/espanol\/wp-content\/uploads\/sites\/4\/2025\/04\/FWD01.png?resize=300%2C211&amp;ssl=1 300w\" sizes=\"auto, (max-width: 600px) 100vw, 600px\" \/><\/div><\/figure>[vc_column_text css=&#8221;&#8221;]Equipo No Invasivo para Evaluaciones Estructurales de Pavimentos (FWD &amp; LWD), Sistemas para Predecir la Rugosidad de la Superficie de Pavimentos y Equipo de Evaluaci\u00f3n de los Par\u00e1metros de Fricci\u00f3n de Pavimentos.[\/vc_column_text][\/vc_column][vc_column width=&#8221;1\/6&#8243;]<figure class=\"vcex-image vcex-module\"><div class=\"vcex-image-inner wpex-relative wpex-inline-block\"><img width=\"600\" height=\"421\" src=\"https:\/\/i0.wp.com\/acicorporation.com\/espanol\/wp-content\/uploads\/sites\/4\/2025\/04\/Perforadora-e1745854715468.jpg?fit=600%2C421&amp;ssl=1\" class=\"vcex-image-img wpex-align-middle\" alt=\"\" loading=\"lazy\" decoding=\"async\" srcset=\"https:\/\/i0.wp.com\/acicorporation.com\/espanol\/wp-content\/uploads\/sites\/4\/2025\/04\/Perforadora-e1745854715468.jpg?w=600&amp;ssl=1 600w, https:\/\/i0.wp.com\/acicorporation.com\/espanol\/wp-content\/uploads\/sites\/4\/2025\/04\/Perforadora-e1745854715468.jpg?resize=300%2C211&amp;ssl=1 300w\" sizes=\"auto, (max-width: 600px) 100vw, 600px\" \/><\/div><\/figure>[vc_column_text css=&#8221;&#8221;]Peroforadora XY-3 con motor diesel Cummins, para perforaciones geot\u00e9cnicas hidr\u00e1ulica con plataforma de perforaci\u00f3n.[\/vc_column_text][\/vc_column][vc_column width=&#8221;1\/6&#8243;]<figure class=\"vcex-image vcex-module\"><div class=\"vcex-image-inner wpex-relative wpex-inline-block\"><img width=\"600\" height=\"421\" src=\"https:\/\/i0.wp.com\/acicorporation.com\/espanol\/wp-content\/uploads\/sites\/4\/2025\/04\/Laboraotio.png?fit=600%2C421&amp;ssl=1\" class=\"vcex-image-img wpex-align-middle\" alt=\"\" loading=\"lazy\" decoding=\"async\" srcset=\"https:\/\/i0.wp.com\/acicorporation.com\/espanol\/wp-content\/uploads\/sites\/4\/2025\/04\/Laboraotio.png?w=600&amp;ssl=1 600w, https:\/\/i0.wp.com\/acicorporation.com\/espanol\/wp-content\/uploads\/sites\/4\/2025\/04\/Laboraotio.png?resize=300%2C211&amp;ssl=1 300w\" sizes=\"auto, (max-width: 600px) 100vw, 600px\" \/><\/div><\/figure>[vc_column_text css=&#8221;&#8221;]Laboratorio equipado para pruebas en suelos, asfaltos y concreto hidr\u00e1ulico. Tambi\u00e9n implementa para proyectos viales nuevos m\u00e9todos de dise\u00f1o de mezclas como Superpave.<\/p>\n<p>.[\/vc_column_text][\/vc_column][vc_column width=&#8221;1\/6&#8243;]<div class=\"vcex-spacing wpex-w-100 wpex-clear\"><\/div>[\/vc_column][\/vc_row]\n<\/div>","protected":false},"excerpt":{"rendered":"<p>[vc_row equal_height=&#8221;yes&#8221; video_bg_url=&#8221;https:\/\/www.youtube.com\/watch?v=IZabdHj5dSs&#8221; video_bg_parallax=&#8221;content-moving&#8221; video_bg=&#8221;youtube&#8221; visibility=&#8221;visible-desktop&#8221; el_id=&#8221;DesktopOnly&#8221;][vc_column][vc_single_image image=&#8221;710&#8243; alignment=&#8221;center&#8221; css=&#8221;.vc_custom_1523998890546{padding-top: 220px !important;padding-bottom: 100px !important;}&#8221;][\/vc_column][\/vc_row][vc_row equal_height=&#8221;yes&#8221; visibility=&#8221;hidden-desktop&#8221; el_id=&#8221;DesktopHidden&#8221; css=&#8221;.vc_custom_1523462971945{background-image: url(https:\/\/acicorporation.com\/wp-content\/uploads\/2018\/04\/home-bg-1.jpg?id=891) !important;background-position: center !important;background-repeat: no-repeat !important;background-size: cover !important;}&#8221;][vc_column][vc_single_image image=&#8221;329&#8243; alignment=&#8221;center&#8221; css=&#8221;.vc_custom_1519412077187{padding-top: 220px !important;padding-bottom: 100px !important;}&#8221;][\/vc_column][\/vc_row][vc_row center_row=&#8221;yes&#8221; css=&#8221;.vc_custom_1519843630873{margin-bottom: 0px !important;border-bottom-width: 0px !important;padding-top: 70px !important;padding-right: 7% !important;padding-bottom: 70px !important;padding-left: 7% !important;background-color: #ffffff !important;}&#8221;][vc_column][vc_column_text css=&#8221;&#8221;] En ACI CORPORATION, combinamos m\u00e1s&hellip;<\/p>\n","protected":false},"author":1,"featured_media":0,"parent":0,"menu_order":0,"comment_status":"closed","ping_status":"closed","template":"","meta":{"footnotes":""},"class_list":["post-8","page","type-page","status-publish","hentry","entry","no-media"],"yoast_head":"<!-- This site is optimized with the Yoast SEO plugin v27.4 - https:\/\/yoast.com\/product\/yoast-seo-wordpress\/ -->\n<title>ACI - Consultora de Ingenier\u00eda Civil<\/title>\n<meta name=\"description\" content=\"ACI, Consultora de Ingenier\u00eda Civil ofrece dise\u00f1o, administraci\u00f3n y supervisi\u00f3n para una amplia variedad de proyectos de ingenier\u00eda civil\" \/>\n<meta name=\"robots\" content=\"index, follow, max-snippet:-1, max-image-preview:large, max-video-preview:-1\" \/>\n<link rel=\"canonical\" href=\"https:\/\/acicorporation.com\/espanol\/\" \/>\n<meta property=\"og:locale\" content=\"en_US\" \/>\n<meta property=\"og:type\" content=\"article\" \/>\n<meta property=\"og:title\" content=\"ACI - Consultora de Ingenier\u00eda Civil\" \/>\n<meta property=\"og:description\" content=\"ACI, Consultora de Ingenier\u00eda Civil ofrece dise\u00f1o, administraci\u00f3n y supervisi\u00f3n para una amplia variedad de proyectos de ingenier\u00eda civil\" \/>\n<meta property=\"og:url\" content=\"https:\/\/acicorporation.com\/espanol\/\" \/>\n<meta property=\"og:site_name\" content=\"ACI Corporation Esp\" \/>\n<meta property=\"article:modified_time\" content=\"2025-05-13T23:00:52+00:00\" \/>\n<meta name=\"twitter:card\" content=\"summary_large_image\" \/>\n<meta name=\"twitter:label1\" content=\"Est. reading time\" \/>\n\t<meta name=\"twitter:data1\" content=\"2 minutes\" \/>\n<script type=\"application\/ld+json\" class=\"yoast-schema-graph\">{\"@context\":\"https:\\\/\\\/schema.org\",\"@graph\":[{\"@type\":\"WebPage\",\"@id\":\"https:\\\/\\\/acicorporation.com\\\/espanol\\\/\",\"url\":\"https:\\\/\\\/acicorporation.com\\\/espanol\\\/\",\"name\":\"ACI - Consultora de Ingenier\u00eda Civil\",\"isPartOf\":{\"@id\":\"https:\\\/\\\/acicorporation.com\\\/espanol\\\/#website\"},\"datePublished\":\"2016-05-16T19:11:03+00:00\",\"dateModified\":\"2025-05-13T23:00:52+00:00\",\"description\":\"ACI, Consultora de Ingenier\u00eda Civil ofrece dise\u00f1o, administraci\u00f3n y supervisi\u00f3n para una amplia variedad de proyectos de ingenier\u00eda civil\",\"breadcrumb\":{\"@id\":\"https:\\\/\\\/acicorporation.com\\\/espanol\\\/#breadcrumb\"},\"inLanguage\":\"en-US\",\"potentialAction\":[{\"@type\":\"ReadAction\",\"target\":[\"https:\\\/\\\/acicorporation.com\\\/espanol\\\/\"]}]},{\"@type\":\"BreadcrumbList\",\"@id\":\"https:\\\/\\\/acicorporation.com\\\/espanol\\\/#breadcrumb\",\"itemListElement\":[{\"@type\":\"ListItem\",\"position\":1,\"name\":\"Home\",\"item\":\"https:\\\/\\\/acicorporation.com\\\/espanol\\\/\"},{\"@type\":\"ListItem\",\"position\":2,\"name\":\"INICIO\"}]},{\"@type\":\"WebSite\",\"@id\":\"https:\\\/\\\/acicorporation.com\\\/espanol\\\/#website\",\"url\":\"https:\\\/\\\/acicorporation.com\\\/espanol\\\/\",\"name\":\"ACI Corporation\",\"description\":\"Civil Engineering Firm \u2013 Transportation Planning \u2013 Roadway Design and Evaluation \u2013 LiDAR Surveying\",\"publisher\":{\"@id\":\"https:\\\/\\\/acicorporation.com\\\/espanol\\\/#organization\"},\"potentialAction\":[{\"@type\":\"SearchAction\",\"target\":{\"@type\":\"EntryPoint\",\"urlTemplate\":\"https:\\\/\\\/acicorporation.com\\\/espanol\\\/?s={search_term_string}\"},\"query-input\":{\"@type\":\"PropertyValueSpecification\",\"valueRequired\":true,\"valueName\":\"search_term_string\"}}],\"inLanguage\":\"en-US\"},{\"@type\":\"Organization\",\"@id\":\"https:\\\/\\\/acicorporation.com\\\/espanol\\\/#organization\",\"name\":\"ACI USA Inc.\",\"url\":\"https:\\\/\\\/acicorporation.com\\\/espanol\\\/\",\"logo\":{\"@type\":\"ImageObject\",\"inLanguage\":\"en-US\",\"@id\":\"https:\\\/\\\/acicorporation.com\\\/espanol\\\/#\\\/schema\\\/logo\\\/image\\\/\",\"url\":\"https:\\\/\\\/i0.wp.com\\\/acicorporation.com\\\/espanol\\\/wp-content\\\/uploads\\\/sites\\\/4\\\/2016\\\/05\\\/aci-corporation-logo-1.jpg?fit=119%2C84&ssl=1\",\"contentUrl\":\"https:\\\/\\\/i0.wp.com\\\/acicorporation.com\\\/espanol\\\/wp-content\\\/uploads\\\/sites\\\/4\\\/2016\\\/05\\\/aci-corporation-logo-1.jpg?fit=119%2C84&ssl=1\",\"width\":119,\"height\":84,\"caption\":\"ACI USA Inc.\"},\"image\":{\"@id\":\"https:\\\/\\\/acicorporation.com\\\/espanol\\\/#\\\/schema\\\/logo\\\/image\\\/\"},\"sameAs\":[\"https:\\\/\\\/www.linkedin.com\\\/company\\\/aci-usa-inc-\"]}]}<\/script>\n<!-- \/ Yoast SEO plugin. -->","yoast_head_json":{"title":"ACI - Consultora de Ingenier\u00eda Civil","description":"ACI, Consultora de Ingenier\u00eda Civil ofrece dise\u00f1o, administraci\u00f3n y supervisi\u00f3n para una amplia variedad de proyectos de ingenier\u00eda civil","robots":{"index":"index","follow":"follow","max-snippet":"max-snippet:-1","max-image-preview":"max-image-preview:large","max-video-preview":"max-video-preview:-1"},"canonical":"https:\/\/acicorporation.com\/espanol\/","og_locale":"en_US","og_type":"article","og_title":"ACI - Consultora de Ingenier\u00eda Civil","og_description":"ACI, Consultora de Ingenier\u00eda Civil ofrece dise\u00f1o, administraci\u00f3n y supervisi\u00f3n para una amplia variedad de proyectos de ingenier\u00eda civil","og_url":"https:\/\/acicorporation.com\/espanol\/","og_site_name":"ACI Corporation Esp","article_modified_time":"2025-05-13T23:00:52+00:00","twitter_card":"summary_large_image","twitter_misc":{"Est. reading time":"2 minutes"},"schema":{"@context":"https:\/\/schema.org","@graph":[{"@type":"WebPage","@id":"https:\/\/acicorporation.com\/espanol\/","url":"https:\/\/acicorporation.com\/espanol\/","name":"ACI - Consultora de Ingenier\u00eda Civil","isPartOf":{"@id":"https:\/\/acicorporation.com\/espanol\/#website"},"datePublished":"2016-05-16T19:11:03+00:00","dateModified":"2025-05-13T23:00:52+00:00","description":"ACI, Consultora de Ingenier\u00eda Civil ofrece dise\u00f1o, administraci\u00f3n y supervisi\u00f3n para una amplia variedad de proyectos de ingenier\u00eda civil","breadcrumb":{"@id":"https:\/\/acicorporation.com\/espanol\/#breadcrumb"},"inLanguage":"en-US","potentialAction":[{"@type":"ReadAction","target":["https:\/\/acicorporation.com\/espanol\/"]}]},{"@type":"BreadcrumbList","@id":"https:\/\/acicorporation.com\/espanol\/#breadcrumb","itemListElement":[{"@type":"ListItem","position":1,"name":"Home","item":"https:\/\/acicorporation.com\/espanol\/"},{"@type":"ListItem","position":2,"name":"INICIO"}]},{"@type":"WebSite","@id":"https:\/\/acicorporation.com\/espanol\/#website","url":"https:\/\/acicorporation.com\/espanol\/","name":"ACI Corporation","description":"Civil Engineering Firm \u2013 Transportation Planning \u2013 Roadway Design and Evaluation \u2013 LiDAR Surveying","publisher":{"@id":"https:\/\/acicorporation.com\/espanol\/#organization"},"potentialAction":[{"@type":"SearchAction","target":{"@type":"EntryPoint","urlTemplate":"https:\/\/acicorporation.com\/espanol\/?s={search_term_string}"},"query-input":{"@type":"PropertyValueSpecification","valueRequired":true,"valueName":"search_term_string"}}],"inLanguage":"en-US"},{"@type":"Organization","@id":"https:\/\/acicorporation.com\/espanol\/#organization","name":"ACI USA Inc.","url":"https:\/\/acicorporation.com\/espanol\/","logo":{"@type":"ImageObject","inLanguage":"en-US","@id":"https:\/\/acicorporation.com\/espanol\/#\/schema\/logo\/image\/","url":"https:\/\/i0.wp.com\/acicorporation.com\/espanol\/wp-content\/uploads\/sites\/4\/2016\/05\/aci-corporation-logo-1.jpg?fit=119%2C84&ssl=1","contentUrl":"https:\/\/i0.wp.com\/acicorporation.com\/espanol\/wp-content\/uploads\/sites\/4\/2016\/05\/aci-corporation-logo-1.jpg?fit=119%2C84&ssl=1","width":119,"height":84,"caption":"ACI USA Inc."},"image":{"@id":"https:\/\/acicorporation.com\/espanol\/#\/schema\/logo\/image\/"},"sameAs":["https:\/\/www.linkedin.com\/company\/aci-usa-inc-"]}]}},"jetpack_sharing_enabled":true,"_links":{"self":[{"href":"https:\/\/acicorporation.com\/espanol\/wp-json\/wp\/v2\/pages\/8","targetHints":{"allow":["GET"]}}],"collection":[{"href":"https:\/\/acicorporation.com\/espanol\/wp-json\/wp\/v2\/pages"}],"about":[{"href":"https:\/\/acicorporation.com\/espanol\/wp-json\/wp\/v2\/types\/page"}],"author":[{"embeddable":true,"href":"https:\/\/acicorporation.com\/espanol\/wp-json\/wp\/v2\/users\/1"}],"replies":[{"embeddable":true,"href":"https:\/\/acicorporation.com\/espanol\/wp-json\/wp\/v2\/comments?post=8"}],"version-history":[{"count":0,"href":"https:\/\/acicorporation.com\/espanol\/wp-json\/wp\/v2\/pages\/8\/revisions"}],"wp:attachment":[{"href":"https:\/\/acicorporation.com\/espanol\/wp-json\/wp\/v2\/media?parent=8"}],"curies":[{"name":"wp","href":"https:\/\/api.w.org\/{rel}","templated":true}]}}