{"id":20,"date":"2016-05-16T19:21:13","date_gmt":"2016-05-16T19:21:13","guid":{"rendered":"http:\/\/acicorporation.com\/?page_id=20"},"modified":"2025-05-29T15:41:42","modified_gmt":"2025-05-29T19:41:42","slug":"contact-us","status":"publish","type":"page","link":"https:\/\/acicorporation.com\/espanol\/contact-us\/","title":{"rendered":"Cont\u00e1ctenos"},"content":{"rendered":"<div class=\"wpb-content-wrapper\">[vc_row][vc_column]<div class=\"vcex-spacing wpex-w-100 wpex-clear\" style=\"height:170px;\"><\/div>[\/vc_column][\/vc_row][vc_row center_row=&#8221;yes&#8221; css=&#8221;.vc_custom_1464892933479{padding-top: 70px !important;padding-right: 7% !important;padding-left: 7% !important;background-color: #ffffff !important;}&#8221; el_class=&#8221;BodyGradient2&#8243;][vc_column][vc_column_text]\n<h1>Cont\u00e1ctenos<\/h1>\n[\/vc_column_text][vc_separator color=&#8221;custom&#8221; align=&#8221;align_left&#8221; border_width=&#8221;3&#8243; el_width=&#8221;10&#8243; accent_color=&#8221;#4dab00&#8243; css=&#8221;.vc_custom_1463502323140{padding-top: 20px !important;padding-bottom: 20px !important;}&#8221;][\/vc_column][\/vc_row][vc_row center_row=&#8221;yes&#8221; match_column_height=&#8221;yes&#8221; css=&#8221;.vc_custom_1464891948233{padding-right: 7% !important;padding-left: 7% !important;background-color: #ffffff !important;}&#8221;][vc_column width=&#8221;1\/2&#8243; css=&#8221;.vc_custom_1464892603322{border-top-width: 1px !important;border-right-width: 1px !important;border-bottom-width: 1px !important;border-left-width: 1px !important;padding-top: 20px !important;padding-right: 20px !important;padding-bottom: 20px !important;padding-left: 20px !important;border-left-color: #d0d3d4 !important;border-left-style: solid !important;border-right-color: #d0d3d4 !important;border-right-style: solid !important;border-top-color: #d0d3d4 !important;border-top-style: solid !important;border-bottom-color: #d0d3d4 !important;border-bottom-style: solid !important;}&#8221;][vc_column_text]\n<h4>USA:<\/h4>\n[\/vc_column_text]<div class=\"vcex-spacing wpex-w-100 wpex-clear\" style=\"height:10px;\"><\/div>[vc_column_text visibility=&#8221;&#8221; font_weight=&#8221;&#8221; text_transform=&#8221;&#8221;]2813 Executive Park Drive<br \/>\nSuite #205<br \/>\nWeston, FL 33331<\/p>\n<div id=\"PhoneDiv2\">Tel\u00e9fono: +1 (954) 410-6754<\/div>\n<p>Fax: 954-667-6690[\/vc_column_text][\/vc_column][vc_column width=&#8221;1\/2&#8243; css=&#8221;.vc_custom_1464892610866{border-top-width: 1px !important;border-right-width: 1px !important;border-bottom-width: 1px !important;border-left-width: 1px !important;padding-top: 20px !important;padding-right: 20px !important;padding-bottom: 20px !important;padding-left: 20px !important;border-left-color: #d0d3d4 !important;border-left-style: solid !important;border-right-color: #d0d3d4 !important;border-right-style: solid !important;border-top-color: #d0d3d4 !important;border-top-style: solid !important;border-bottom-color: #d0d3d4 !important;border-bottom-style: solid !important;}&#8221;][vc_column_text]\n<h4>LATINOAM\u00c9RICA:<\/h4>\n[\/vc_column_text]<div class=\"vcex-spacing wpex-w-100 wpex-clear\" style=\"height:10px;\"><\/div>[vc_column_text]<strong>HONDURAS:<\/strong><br \/>\nColonia El Prado<br \/>\n2da Calle, 2da Avenida<br \/>\nEdificio AMBAR<br \/>\nTegucigalpa, Honduras<\/p>\n<p><strong>PANAMA:<\/strong><br \/>\nPH Reserva de Versalles, 5a Calle, #C31<br \/>\nCorregimiento Don Bosco,<br \/>\nCiudad de Panam\u00e1, Panam\u00e1[\/vc_column_text][\/vc_column][\/vc_row][vc_row center_row=&#8221;yes&#8221; css=&#8221;.vc_custom_1464891964007{padding-right: 7% !important;padding-left: 7% !important;background-color: #ffffff !important;}&#8221;][vc_column][vc_column_text]\n<h2>Asistencia al Cliente<\/h2>\n[\/vc_column_text][vc_separator color=&#8221;custom&#8221; align=&#8221;align_left&#8221; border_width=&#8221;3&#8243; el_width=&#8221;10&#8243; accent_color=&#8221;#4dab00&#8243; css=&#8221;.vc_custom_1463518579550{padding-top: 20px !important;padding-bottom: 20px !important;}&#8221;][vc_column_text]Para un mejor servicio, por favor llene la siguiente forma y un representante lo atender\u00e1 de manera inmediata.[\/vc_column_text]<div class=\"vcex-spacing wpex-w-100 wpex-clear\" style=\"height:60px;\"><\/div>[vc_raw_html]JTVCZm9ybWluYXRvcl9mb3JtJTIwaWQlM0QlMjIxMTY0JTIyJTVE[\/vc_raw_html][\/vc_column][\/vc_row]\n<\/div>","protected":false},"excerpt":{"rendered":"<p>[vc_row][vc_column][\/vc_column][\/vc_row][vc_row center_row=&#8221;yes&#8221; css=&#8221;.vc_custom_1464892933479{padding-top: 70px !important;padding-right: 7% !important;padding-left: 7% !important;background-color: #ffffff !important;}&#8221; el_class=&#8221;BodyGradient2&#8243;][vc_column][vc_column_text] Cont\u00e1ctenos [\/vc_column_text][vc_separator color=&#8221;custom&#8221; align=&#8221;align_left&#8221; border_width=&#8221;3&#8243; el_width=&#8221;10&#8243; accent_color=&#8221;#4dab00&#8243; css=&#8221;.vc_custom_1463502323140{padding-top: 20px !important;padding-bottom: 20px !important;}&#8221;][\/vc_column][\/vc_row][vc_row center_row=&#8221;yes&#8221; match_column_height=&#8221;yes&#8221; css=&#8221;.vc_custom_1464891948233{padding-right: 7% !important;padding-left: 7% !important;background-color: #ffffff !important;}&#8221;][vc_column width=&#8221;1\/2&#8243; css=&#8221;.vc_custom_1464892603322{border-top-width: 1px !important;border-right-width: 1px !important;border-bottom-width: 1px !important;border-left-width: 1px !important;padding-top: 20px !important;padding-right: 20px !important;padding-bottom: 20px !important;padding-left: 20px !important;border-left-color: #d0d3d4 !important;border-left-style: solid !important;border-right-color:&hellip;<\/p>\n","protected":false},"author":1,"featured_media":552,"parent":0,"menu_order":0,"comment_status":"closed","ping_status":"closed","template":"","meta":{"footnotes":""},"class_list":["post-20","page","type-page","status-publish","has-post-thumbnail","hentry","entry","has-media"],"yoast_head":"<!-- This site is optimized with the Yoast SEO plugin v27.3 - https:\/\/yoast.com\/product\/yoast-seo-wordpress\/ -->\n<title>Consultora de ingenieria civil en Panam\u00e1, Honduras y los Estados Unidos<\/title>\n<meta name=\"description\" content=\"ACI Corporation es una consultora de ingenieria civil con sedes en Panam\u00e1, Honduras y Los Estados Unidos que asegura el manejo y ejecuci\u00f3n de proyectos.\" \/>\n<meta name=\"robots\" content=\"noindex, follow\" \/>\n<meta property=\"og:locale\" content=\"en_US\" \/>\n<meta property=\"og:type\" content=\"article\" \/>\n<meta property=\"og:title\" content=\"Consultora de ingenieria civil en Panam\u00e1, Honduras y los Estados Unidos\" \/>\n<meta property=\"og:description\" content=\"ACI Corporation es una consultora de ingenieria civil con sedes en Panam\u00e1, Honduras y Los Estados Unidos que asegura el manejo y ejecuci\u00f3n de proyectos.\" \/>\n<meta property=\"og:url\" content=\"https:\/\/acicorporation.com\/espanol\/contact-us\/\" \/>\n<meta property=\"og:site_name\" content=\"ACI Corporation Esp\" \/>\n<meta property=\"article:modified_time\" content=\"2025-05-29T19:41:42+00:00\" \/>\n<meta property=\"og:image\" content=\"https:\/\/acicorporation.com\/espanol\/wp-content\/uploads\/sites\/4\/2016\/05\/contact-bg-7.jpg\" \/>\n\t<meta property=\"og:image:width\" content=\"1903\" \/>\n\t<meta property=\"og:image:height\" content=\"1047\" \/>\n\t<meta property=\"og:image:type\" content=\"image\/jpeg\" \/>\n<meta name=\"twitter:card\" content=\"summary_large_image\" \/>\n<meta name=\"twitter:label1\" content=\"Est. reading time\" \/>\n\t<meta name=\"twitter:data1\" content=\"1 minute\" \/>\n<script type=\"application\/ld+json\" class=\"yoast-schema-graph\">{\"@context\":\"https:\\\/\\\/schema.org\",\"@graph\":[{\"@type\":\"WebPage\",\"@id\":\"https:\\\/\\\/acicorporation.com\\\/espanol\\\/contact-us\\\/\",\"url\":\"https:\\\/\\\/acicorporation.com\\\/espanol\\\/contact-us\\\/\",\"name\":\"Consultora de ingenieria civil en Panam\u00e1, Honduras y los Estados Unidos\",\"isPartOf\":{\"@id\":\"https:\\\/\\\/acicorporation.com\\\/espanol\\\/#website\"},\"primaryImageOfPage\":{\"@id\":\"https:\\\/\\\/acicorporation.com\\\/espanol\\\/contact-us\\\/#primaryimage\"},\"image\":{\"@id\":\"https:\\\/\\\/acicorporation.com\\\/espanol\\\/contact-us\\\/#primaryimage\"},\"thumbnailUrl\":\"https:\\\/\\\/i0.wp.com\\\/acicorporation.com\\\/espanol\\\/wp-content\\\/uploads\\\/sites\\\/4\\\/2016\\\/05\\\/contact-bg-7.jpg?fit=1903%2C1047&ssl=1\",\"datePublished\":\"2016-05-16T19:21:13+00:00\",\"dateModified\":\"2025-05-29T19:41:42+00:00\",\"description\":\"ACI Corporation es una consultora de ingenieria civil con sedes en Panam\u00e1, Honduras y Los Estados Unidos que asegura el manejo y ejecuci\u00f3n de proyectos.\",\"breadcrumb\":{\"@id\":\"https:\\\/\\\/acicorporation.com\\\/espanol\\\/contact-us\\\/#breadcrumb\"},\"inLanguage\":\"en-US\",\"potentialAction\":[{\"@type\":\"ReadAction\",\"target\":[\"https:\\\/\\\/acicorporation.com\\\/espanol\\\/contact-us\\\/\"]}]},{\"@type\":\"ImageObject\",\"inLanguage\":\"en-US\",\"@id\":\"https:\\\/\\\/acicorporation.com\\\/espanol\\\/contact-us\\\/#primaryimage\",\"url\":\"https:\\\/\\\/i0.wp.com\\\/acicorporation.com\\\/espanol\\\/wp-content\\\/uploads\\\/sites\\\/4\\\/2016\\\/05\\\/contact-bg-7.jpg?fit=1903%2C1047&ssl=1\",\"contentUrl\":\"https:\\\/\\\/i0.wp.com\\\/acicorporation.com\\\/espanol\\\/wp-content\\\/uploads\\\/sites\\\/4\\\/2016\\\/05\\\/contact-bg-7.jpg?fit=1903%2C1047&ssl=1\",\"width\":1903,\"height\":1047,\"caption\":\"Consultora de ingenieria civil con sedes en Panam\u00e1, Honduras y Los Estados Unidos.\"},{\"@type\":\"BreadcrumbList\",\"@id\":\"https:\\\/\\\/acicorporation.com\\\/espanol\\\/contact-us\\\/#breadcrumb\",\"itemListElement\":[{\"@type\":\"ListItem\",\"position\":1,\"name\":\"Home\",\"item\":\"https:\\\/\\\/acicorporation.com\\\/espanol\\\/\"},{\"@type\":\"ListItem\",\"position\":2,\"name\":\"Cont\u00e1ctenos\"}]},{\"@type\":\"WebSite\",\"@id\":\"https:\\\/\\\/acicorporation.com\\\/espanol\\\/#website\",\"url\":\"https:\\\/\\\/acicorporation.com\\\/espanol\\\/\",\"name\":\"ACI Corporation\",\"description\":\"Civil Engineering Firm \u2013 Transportation Planning \u2013 Roadway Design and Evaluation \u2013 LiDAR Surveying\",\"publisher\":{\"@id\":\"https:\\\/\\\/acicorporation.com\\\/espanol\\\/#organization\"},\"potentialAction\":[{\"@type\":\"SearchAction\",\"target\":{\"@type\":\"EntryPoint\",\"urlTemplate\":\"https:\\\/\\\/acicorporation.com\\\/espanol\\\/?s={search_term_string}\"},\"query-input\":{\"@type\":\"PropertyValueSpecification\",\"valueRequired\":true,\"valueName\":\"search_term_string\"}}],\"inLanguage\":\"en-US\"},{\"@type\":\"Organization\",\"@id\":\"https:\\\/\\\/acicorporation.com\\\/espanol\\\/#organization\",\"name\":\"ACI USA Inc.\",\"url\":\"https:\\\/\\\/acicorporation.com\\\/espanol\\\/\",\"logo\":{\"@type\":\"ImageObject\",\"inLanguage\":\"en-US\",\"@id\":\"https:\\\/\\\/acicorporation.com\\\/espanol\\\/#\\\/schema\\\/logo\\\/image\\\/\",\"url\":\"https:\\\/\\\/i0.wp.com\\\/acicorporation.com\\\/espanol\\\/wp-content\\\/uploads\\\/sites\\\/4\\\/2016\\\/05\\\/aci-corporation-logo-1.jpg?fit=119%2C84&ssl=1\",\"contentUrl\":\"https:\\\/\\\/i0.wp.com\\\/acicorporation.com\\\/espanol\\\/wp-content\\\/uploads\\\/sites\\\/4\\\/2016\\\/05\\\/aci-corporation-logo-1.jpg?fit=119%2C84&ssl=1\",\"width\":119,\"height\":84,\"caption\":\"ACI USA Inc.\"},\"image\":{\"@id\":\"https:\\\/\\\/acicorporation.com\\\/espanol\\\/#\\\/schema\\\/logo\\\/image\\\/\"},\"sameAs\":[\"https:\\\/\\\/www.linkedin.com\\\/company\\\/aci-usa-inc-\"]}]}<\/script>\n<!-- \/ Yoast SEO plugin. -->","yoast_head_json":{"title":"Consultora de ingenieria civil en Panam\u00e1, Honduras y los Estados Unidos","description":"ACI Corporation es una consultora de ingenieria civil con sedes en Panam\u00e1, Honduras y Los Estados Unidos que asegura el manejo y ejecuci\u00f3n de proyectos.","robots":{"index":"noindex","follow":"follow"},"og_locale":"en_US","og_type":"article","og_title":"Consultora de ingenieria civil en Panam\u00e1, Honduras y los Estados Unidos","og_description":"ACI Corporation es una consultora de ingenieria civil con sedes en Panam\u00e1, Honduras y Los Estados Unidos que asegura el manejo y ejecuci\u00f3n de proyectos.","og_url":"https:\/\/acicorporation.com\/espanol\/contact-us\/","og_site_name":"ACI Corporation Esp","article_modified_time":"2025-05-29T19:41:42+00:00","og_image":[{"width":1903,"height":1047,"url":"https:\/\/acicorporation.com\/espanol\/wp-content\/uploads\/sites\/4\/2016\/05\/contact-bg-7.jpg","type":"image\/jpeg"}],"twitter_card":"summary_large_image","twitter_misc":{"Est. reading time":"1 minute"},"schema":{"@context":"https:\/\/schema.org","@graph":[{"@type":"WebPage","@id":"https:\/\/acicorporation.com\/espanol\/contact-us\/","url":"https:\/\/acicorporation.com\/espanol\/contact-us\/","name":"Consultora de ingenieria civil en Panam\u00e1, Honduras y los Estados Unidos","isPartOf":{"@id":"https:\/\/acicorporation.com\/espanol\/#website"},"primaryImageOfPage":{"@id":"https:\/\/acicorporation.com\/espanol\/contact-us\/#primaryimage"},"image":{"@id":"https:\/\/acicorporation.com\/espanol\/contact-us\/#primaryimage"},"thumbnailUrl":"https:\/\/i0.wp.com\/acicorporation.com\/espanol\/wp-content\/uploads\/sites\/4\/2016\/05\/contact-bg-7.jpg?fit=1903%2C1047&ssl=1","datePublished":"2016-05-16T19:21:13+00:00","dateModified":"2025-05-29T19:41:42+00:00","description":"ACI Corporation es una consultora de ingenieria civil con sedes en Panam\u00e1, Honduras y Los Estados Unidos que asegura el manejo y ejecuci\u00f3n de proyectos.","breadcrumb":{"@id":"https:\/\/acicorporation.com\/espanol\/contact-us\/#breadcrumb"},"inLanguage":"en-US","potentialAction":[{"@type":"ReadAction","target":["https:\/\/acicorporation.com\/espanol\/contact-us\/"]}]},{"@type":"ImageObject","inLanguage":"en-US","@id":"https:\/\/acicorporation.com\/espanol\/contact-us\/#primaryimage","url":"https:\/\/i0.wp.com\/acicorporation.com\/espanol\/wp-content\/uploads\/sites\/4\/2016\/05\/contact-bg-7.jpg?fit=1903%2C1047&ssl=1","contentUrl":"https:\/\/i0.wp.com\/acicorporation.com\/espanol\/wp-content\/uploads\/sites\/4\/2016\/05\/contact-bg-7.jpg?fit=1903%2C1047&ssl=1","width":1903,"height":1047,"caption":"Consultora de ingenieria civil con sedes en Panam\u00e1, Honduras y Los Estados Unidos."},{"@type":"BreadcrumbList","@id":"https:\/\/acicorporation.com\/espanol\/contact-us\/#breadcrumb","itemListElement":[{"@type":"ListItem","position":1,"name":"Home","item":"https:\/\/acicorporation.com\/espanol\/"},{"@type":"ListItem","position":2,"name":"Cont\u00e1ctenos"}]},{"@type":"WebSite","@id":"https:\/\/acicorporation.com\/espanol\/#website","url":"https:\/\/acicorporation.com\/espanol\/","name":"ACI Corporation","description":"Civil Engineering Firm \u2013 Transportation Planning \u2013 Roadway Design and Evaluation \u2013 LiDAR Surveying","publisher":{"@id":"https:\/\/acicorporation.com\/espanol\/#organization"},"potentialAction":[{"@type":"SearchAction","target":{"@type":"EntryPoint","urlTemplate":"https:\/\/acicorporation.com\/espanol\/?s={search_term_string}"},"query-input":{"@type":"PropertyValueSpecification","valueRequired":true,"valueName":"search_term_string"}}],"inLanguage":"en-US"},{"@type":"Organization","@id":"https:\/\/acicorporation.com\/espanol\/#organization","name":"ACI USA Inc.","url":"https:\/\/acicorporation.com\/espanol\/","logo":{"@type":"ImageObject","inLanguage":"en-US","@id":"https:\/\/acicorporation.com\/espanol\/#\/schema\/logo\/image\/","url":"https:\/\/i0.wp.com\/acicorporation.com\/espanol\/wp-content\/uploads\/sites\/4\/2016\/05\/aci-corporation-logo-1.jpg?fit=119%2C84&ssl=1","contentUrl":"https:\/\/i0.wp.com\/acicorporation.com\/espanol\/wp-content\/uploads\/sites\/4\/2016\/05\/aci-corporation-logo-1.jpg?fit=119%2C84&ssl=1","width":119,"height":84,"caption":"ACI USA Inc."},"image":{"@id":"https:\/\/acicorporation.com\/espanol\/#\/schema\/logo\/image\/"},"sameAs":["https:\/\/www.linkedin.com\/company\/aci-usa-inc-"]}]}},"jetpack_sharing_enabled":true,"_links":{"self":[{"href":"https:\/\/acicorporation.com\/espanol\/wp-json\/wp\/v2\/pages\/20","targetHints":{"allow":["GET"]}}],"collection":[{"href":"https:\/\/acicorporation.com\/espanol\/wp-json\/wp\/v2\/pages"}],"about":[{"href":"https:\/\/acicorporation.com\/espanol\/wp-json\/wp\/v2\/types\/page"}],"author":[{"embeddable":true,"href":"https:\/\/acicorporation.com\/espanol\/wp-json\/wp\/v2\/users\/1"}],"replies":[{"embeddable":true,"href":"https:\/\/acicorporation.com\/espanol\/wp-json\/wp\/v2\/comments?post=20"}],"version-history":[{"count":0,"href":"https:\/\/acicorporation.com\/espanol\/wp-json\/wp\/v2\/pages\/20\/revisions"}],"wp:featuredmedia":[{"embeddable":true,"href":"https:\/\/acicorporation.com\/espanol\/wp-json\/wp\/v2\/media\/552"}],"wp:attachment":[{"href":"https:\/\/acicorporation.com\/espanol\/wp-json\/wp\/v2\/media?parent=20"}],"curies":[{"name":"wp","href":"https:\/\/api.w.org\/{rel}","templated":true}]}}