{"id":14,"date":"2016-05-16T19:16:12","date_gmt":"2016-05-16T19:16:12","guid":{"rendered":"http:\/\/acicorporation.com\/?page_id=14"},"modified":"2025-05-14T12:32:00","modified_gmt":"2025-05-14T16:32:00","slug":"services","status":"publish","type":"page","link":"https:\/\/acicorporation.com\/espanol\/services\/","title":{"rendered":"Servicios"},"content":{"rendered":"<div class=\"wpb-content-wrapper\">[vc_row content_placement=&#8221;middle&#8221; css=&#8221;.vc_custom_1746551487833{background-image: url(https:\/\/acicorporation.com\/wp-content\/uploads\/2016\/05\/services-bg-15-e1746548955728.jpg?id=573) !important;background-position: center !important;background-repeat: no-repeat !important;background-size: cover !important;}&#8221; wpex_bg_position=&#8221;center center&#8221; wpex_bg_overlay=&#8221;custom&#8221; wpex_bg_overlay_color=&#8221;#000000&#8243; wpex_bg_overlay_opacity=&#8221;20%&#8221;][vc_column]\t<style>.vcex_69f6ba4e97b60{height:250px;}@media (max-width:1024px){.vcex_69f6ba4e97b60{height:150px;}}@media (max-width:959px){.vcex_69f6ba4e97b60{height:150px;}}@media (max-width:767px){.vcex_69f6ba4e97b60{height:200px;}}@media (max-width:479px){.vcex_69f6ba4e97b60{height:200px;}}<\/style>\n<div class=\"vcex-spacing wpex-w-100 wpex-clear vcex_69f6ba4e97b60\"><\/div>[vc_column_text css=&#8221;&#8221; color=&#8221;#ffffff&#8221; text_align=&#8221;center&#8221; font_size=&#8221;d:2.4em|tl:2em|tp:2em|pl:1.5em|pp:1.5em&#8221;]\n<h1>Servicios<\/h1>\n[\/vc_column_text]\t<style>.vcex_69f6ba4e980ca{height:150px;}@media (max-width:1024px){.vcex_69f6ba4e980ca{height:150px;}}@media (max-width:959px){.vcex_69f6ba4e980ca{height:150px;}}@media (max-width:767px){.vcex_69f6ba4e980ca{height:50px;}}@media (max-width:479px){.vcex_69f6ba4e980ca{height:50px;}}<\/style>\n<div class=\"vcex-spacing wpex-w-100 wpex-clear vcex_69f6ba4e980ca\"><\/div>[\/vc_column][\/vc_row][vc_row center_row=&#8221;yes&#8221; css=&#8221;.vc_custom_1463503932805{padding-top: 70px !important;padding-right: 7% !important;padding-left: 7% !important;background-color: #ffffff !important;}&#8221; el_class=&#8221;BodyGradient&#8221;][vc_column][vc_column_text css=&#8221;&#8221;]\n<h1>Consultor\u00eda en Ingenier\u00eda Civil &#8211; Planificaci\u00f3n de Transporte &#8211; Ingenier\u00eda de Pavimentos &#8211; Topograf\u00eda LiDAR<\/h1>\n[\/vc_column_text][vc_separator color=&#8221;custom&#8221; align=&#8221;align_left&#8221; border_width=&#8221;3&#8243; el_width=&#8221;10&#8243; css=&#8221;.vc_custom_1463502323140{padding-top: 20px !important;padding-bottom: 20px !important;}&#8221; accent_color=&#8221;#4dab00&#8243;][vc_column_text el_class=&#8221;excerpt&#8221;]ACI provee los siguientes servicios de ingenier\u00eda:[\/vc_column_text]<div class=\"vcex-spacing wpex-w-100 wpex-clear\" style=\"height:50px;\"><\/div>[vc_column_text]\n<h3>Dise\u00f1o, Administraci\u00f3n y Supervisi\u00f3n de Proyectos de Ingenier\u00eda Civil<\/h3>\n[\/vc_column_text]<div class=\"vcex-spacing wpex-w-100 wpex-clear\" style=\"height:10px;\"><\/div>[vc_column_text]ACI ofrece dise\u00f1o, administraci\u00f3n, supervisi\u00f3n e inspecci\u00f3n para una amplia variedad de proyectos en ingenier\u00eda civil. Para cada proyecto de ingenier\u00eda civil nos aseguramos de identificar los intereses del cliente y cumplir con todas las especificaciones de manera eficiente. Formulamos proyecciones presupuestarias y establecemos las diferentes actividades del proyecto para determinar equipo, personal y materiales necesarios.<\/p>\n<p>Sistemas de Control de Calidad son implementados para estar seguros de que cada aspecto de nuestros proyectos satisfaga los est\u00e1ndares de calidad que nuestros clientes se merecen.<\/p>\n<p>ACI ofrece para tus proyectos de construcci\u00f3n:<\/p>\n<ul>\n<li>Servicios de Administraci\u00f3n e Inspecci\u00f3n<\/li>\n<li>Gesti\u00f3n de Obras y Control de Calidad<\/li>\n<li>Asistencia T\u00e9cnica Especializada y Evaluaciones de Campo<\/li>\n<\/ul>\n<p>Nuestros experimentados ingenieros de proyecto, personal de campo y personal de administraci\u00f3n brindan servicios en las \u00e1reas de:[\/vc_column_text]<div class=\"vcex-spacing wpex-w-100 wpex-clear\" style=\"height:50px;\"><\/div>[vc_row_inner css=&#8221;.vc_custom_1465261004633{margin-top: 0px !important;margin-bottom: 0px !important;border-top-width: 0px !important;border-bottom-width: 0px !important;padding-top: 0px !important;padding-bottom: 0px !important;}&#8221; el_id=&#8221;TransportationInfrastructure&#8221;][vc_column_inner css=&#8221;.vc_custom_1465260975179{margin-top: 0px !important;margin-bottom: 0px !important;border-top-width: 0px !important;border-bottom-width: 0px !important;padding-top: 0px !important;padding-bottom: 0px !important;}&#8221;][vc_column_text]\n<h4>Infraestructura Vial<\/h4>\n[\/vc_column_text]<div class=\"vcex-spacing wpex-w-100 wpex-clear\" style=\"height:10px;\"><\/div>[vc_column_text]\n<ul>\n<li>Carreteras y Autopistas<\/li>\n<li>V\u00edas Urbanas e Intersecciones a Nivel y Desnivel<\/li>\n<li>Puentes y T\u00faneles<\/li>\n<\/ul>\n[\/vc_column_text][\/vc_column_inner][\/vc_row_inner]<div class=\"vcex-spacing wpex-w-100 wpex-clear\" style=\"height:20px;\"><\/div>[vc_row_inner][vc_column_inner][vc_column_text]\n<h4>Energ\u00eda<\/h4>\n[\/vc_column_text]<div class=\"vcex-spacing wpex-w-100 wpex-clear\" style=\"height:10px;\"><\/div>[vc_column_text]\n<ul>\n<li>Hidroel\u00e9ctricas, E\u00f3licas y Fotovoltaicas<\/li>\n<li>Subestaciones de Energ\u00eda<\/li>\n<li>L\u00edneas de Transmisi\u00f3n<\/li>\n<\/ul>\n[\/vc_column_text][\/vc_column_inner][\/vc_row_inner]<div class=\"vcex-spacing wpex-w-100 wpex-clear\" style=\"height:20px;\"><\/div>[vc_row_inner][vc_column_inner][vc_column_text]\n<h4>Edificaciones y Desarrollo Urbano<\/h4>\n[\/vc_column_text]<div class=\"vcex-spacing wpex-w-100 wpex-clear\" style=\"height:10px;\"><\/div>[vc_column_text]\n<ul>\n<li>Edificios, Lotificaciones, Naves Industriales<\/li>\n<li>Mercados y Parques<\/li>\n<li>Planes de Vivienda<\/li>\n<li>Catastro Urbano y Rural<\/li>\n<\/ul>\n[\/vc_column_text][\/vc_column_inner][\/vc_row_inner]<div class=\"vcex-spacing wpex-w-100 wpex-clear\" style=\"height:20px;\"><\/div>[vc_row_inner][vc_column_inner][vc_column_text]\n<h4>Puertos<\/h4>\n[\/vc_column_text]<div class=\"vcex-spacing wpex-w-100 wpex-clear\" style=\"height:10px;\"><\/div>[vc_column_text]\n<ul>\n<li>Mar\u00edtimos, Terrestres y A\u00e9reos (Terminal y Pista)<\/li>\n<\/ul>\n[\/vc_column_text][\/vc_column_inner][\/vc_row_inner]<div class=\"vcex-spacing wpex-w-100 wpex-clear\" style=\"height:20px;\"><\/div>[vc_row_inner][vc_column_inner][vc_column_text]\n<h4>Saneamiento<\/h4>\n[\/vc_column_text]<div class=\"vcex-spacing wpex-w-100 wpex-clear\" style=\"height:10px;\"><\/div>[vc_column_text]\n<ul>\n<li>\n<p class=\"p1\">Plantas de Tratamiento de Aguas Residuales<\/p>\n<\/li>\n<li>\n<p class=\"p1\">Rellenos Sanitarios<\/p>\n<\/li>\n<\/ul>\n[\/vc_column_text][\/vc_column_inner][\/vc_row_inner]<div class=\"vcex-spacing wpex-w-100 wpex-clear\" style=\"height:20px;\"><\/div>[vc_row_inner][vc_column_inner][vc_column_text]\n<h4>Aguas<\/h4>\n[\/vc_column_text]<div class=\"vcex-spacing wpex-w-100 wpex-clear\" style=\"height:10px;\"><\/div>[vc_column_text]\n<ul>\n<li>Sistemas de Agua Potable y Drenaje Pluvial<\/li>\n<li>Presas para Riego y Agua Potable<\/li>\n<li>Control de Inundaciones<\/li>\n<li>Gesti\u00f3n de Recursos H\u00eddricos y Cuencas<\/li>\n<\/ul>\n[\/vc_column_text][\/vc_column_inner][\/vc_row_inner]<div class=\"vcex-spacing wpex-w-100 wpex-clear\" style=\"height:20px;\"><\/div>[vc_row_inner][vc_column_inner][vc_column_text]\n<h4>Salud<\/h4>\n[\/vc_column_text]<div class=\"vcex-spacing wpex-w-100 wpex-clear\" style=\"height:10px;\"><\/div>[vc_column_text]\n<ul>\n<li>Cl\u00ednicas<\/li>\n<li>Hospitales<\/li>\n<li>Laboratorios M\u00e9dicos<\/li>\n<\/ul>\n[\/vc_column_text][\/vc_column_inner][\/vc_row_inner]<div class=\"vcex-spacing wpex-w-100 wpex-clear\" style=\"height:20px;\"><\/div>[vc_row_inner][vc_column_inner][vc_column_text]\n<h4>An\u00e1lisis de Elemento Finito<\/h4>\n[\/vc_column_text]<div class=\"vcex-spacing wpex-w-100 wpex-clear\" style=\"height:10px;\"><\/div>[vc_column_text]\n<ul>\n<li>Evaluaci\u00f3n Estructural de Obras de Ingenier\u00eda<\/li>\n<li>Predicci\u00f3n de Comportamiento de Estructuras (Diversas Geometr\u00edas y Condiciones de Carga)<\/li>\n<li>Estudios Forenses para Infraestructuras<\/li>\n<\/ul>\n[\/vc_column_text][\/vc_column_inner][\/vc_row_inner]<div class=\"vcex-spacing wpex-w-100 wpex-clear\" style=\"height:20px;\"><\/div>[vc_row_inner css=&#8221;.vc_custom_1465261468482{margin-top: 0px !important;margin-bottom: 0px !important;border-top-width: 0px !important;border-bottom-width: 0px !important;padding-top: 0px !important;padding-bottom: 0px !important;}&#8221; el_id=&#8221;SurveyingPhotogrammetry&#8221;][vc_column_inner css=&#8221;.vc_custom_1465260975179{margin-top: 0px !important;margin-bottom: 0px !important;border-top-width: 0px !important;border-bottom-width: 0px !important;padding-top: 0px !important;padding-bottom: 0px !important;}&#8221;][vc_column_text]\n<h4>Topograf\u00eda y Fotogrametr\u00eda<\/h4>\n[\/vc_column_text]<div class=\"vcex-spacing wpex-w-100 wpex-clear\" style=\"height:10px;\"><\/div>[vc_column_text]\n<ul>\n<li>Medici\u00f3n Laser de Terrenos con Sistema LiDAR (A\u00e9reo y Terrestre)<\/li>\n<li>Fotograf\u00edas A\u00e9reas Geo Referenciadas<\/li>\n<li>Generaci\u00f3n de Modelos Digitales de Terreno<\/li>\n<li>Estudios Geod\u00e9sicos<\/li>\n<li>Levantamiento Batim\u00e9trico<\/li>\n<li>Replanteo de Obras para Construcci\u00f3n<\/li>\n<\/ul>\n[\/vc_column_text][\/vc_column_inner][\/vc_row_inner]<div class=\"vcex-spacing wpex-w-100 wpex-clear\" style=\"height:20px;\"><\/div>[vc_row_inner][vc_column_inner][vc_column_text]\n<h4>Geolog\u00eda y Geotecnia<\/h4>\n[\/vc_column_text]<div class=\"vcex-spacing wpex-w-100 wpex-clear\" style=\"height:10px;\"><\/div>[vc_column_text]\n<ul>\n<li>Dise\u00f1o y Evaluaci\u00f3n de Estructuras de Geotecnia<\/li>\n<li>Estudios Geol\u00f3gicos<\/li>\n<li>Perforaciones<\/li>\n<li>Ensayo de Penetraci\u00f3n Est\u00e1ndar (SPT)<\/li>\n<li>Ensayo de Corte Directo<\/li>\n<\/ul>\n[\/vc_column_text][\/vc_column_inner][\/vc_row_inner]<div class=\"vcex-spacing wpex-w-100 wpex-clear\" style=\"height:20px;\"><\/div>[vc_row_inner][vc_column_inner][vc_column_text]\n<h4>Hidrolog\u00eda e Hidr\u00e1ulica<\/h4>\n[\/vc_column_text]<div class=\"vcex-spacing wpex-w-100 wpex-clear\" style=\"height:10px;\"><\/div>[vc_column_text]\n<ul>\n<li>An\u00e1lisis Hidr\u00e1ulicos<\/li>\n<li>Estudios Hidrol\u00f3gicos y de Socavaci\u00f3n<\/li>\n<\/ul>\n[\/vc_column_text][\/vc_column_inner][\/vc_row_inner]<div class=\"vcex-spacing wpex-w-100 wpex-clear\" style=\"height:20px;\"><\/div>[vc_row_inner][vc_column_inner][vc_column_text]\n<h4>Medio Ambiente y Sociales<\/h4>\n[\/vc_column_text]<div class=\"vcex-spacing wpex-w-100 wpex-clear\" style=\"height:10px;\"><\/div>[vc_column_text]\n<ul>\n<li>Manejo de Impacto Ambiental y Social<\/li>\n<li>Planes de Manejo Ambiental y Social<\/li>\n<\/ul>\n[\/vc_column_text][\/vc_column_inner][\/vc_row_inner]<div class=\"vcex-spacing wpex-w-100 wpex-clear\" style=\"height:20px;\"><\/div>[vc_row_inner][vc_column_inner][vc_column_text]\n<h4>Suelo y Materiales<\/h4>\n[\/vc_column_text]<div class=\"vcex-spacing wpex-w-100 wpex-clear\" style=\"height:10px;\"><\/div>[vc_column_text]\n<ul>\n<li>Muestreo, Ensayos y Control de Calidad de Materiales, Suelos, Concreto Hidr\u00e1ulico y Asfaltico<\/li>\n<li>Pruebas ASTM y AASHTO<\/li>\n<li>Nuevos M\u00e9todos para dise\u00f1o de Mezclas (Superpave)<\/li>\n<\/ul>\n[\/vc_column_text][\/vc_column_inner][\/vc_row_inner]<div class=\"vcex-spacing wpex-w-100 wpex-clear\" style=\"height:20px;\"><\/div>[vc_row_inner css=&#8221;.vc_custom_1465261331265{margin-top: 0px !important;margin-bottom: 0px !important;border-top-width: 0px !important;border-bottom-width: 0px !important;padding-top: 0px !important;padding-bottom: 0px !important;}&#8221; el_id=&#8221;PavementsTraffic&#8221;][vc_column_inner css=&#8221;.vc_custom_1465260975179{margin-top: 0px !important;margin-bottom: 0px !important;border-top-width: 0px !important;border-bottom-width: 0px !important;padding-top: 0px !important;padding-bottom: 0px !important;}&#8221;][vc_column_text]\n<h4>Pavimentos y Planificaci\u00f3n Vial<\/h4>\n[\/vc_column_text]<div class=\"vcex-spacing wpex-w-100 wpex-clear\" style=\"height:10px;\"><\/div>[vc_column_text]\n<ul>\n<li>Dise\u00f1o y Evaluaci\u00f3n Estructural de Pavimentos<\/li>\n<li>Estudios de Trafico y Soluciones Viales<\/li>\n<li>Medici\u00f3n de Rugosidad y Fricci\u00f3n<\/li>\n<li>An\u00e1lisis Estructural (FWD, LWD -carreteras y HWD -aeropuertos)<\/li>\n<li>Ensayo Modulo Resiliente<\/li>\n<\/ul>\n[\/vc_column_text][\/vc_column_inner][\/vc_row_inner][\/vc_column][\/vc_row]\n<\/div>","protected":false},"excerpt":{"rendered":"<p>[vc_row content_placement=&#8221;middle&#8221; css=&#8221;.vc_custom_1746551487833{background-image: url(https:\/\/acicorporation.com\/wp-content\/uploads\/2016\/05\/services-bg-15-e1746548955728.jpg?id=573) !important;background-position: center !important;background-repeat: no-repeat !important;background-size: cover !important;}&#8221; wpex_bg_position=&#8221;center center&#8221; wpex_bg_overlay=&#8221;custom&#8221; wpex_bg_overlay_color=&#8221;#000000&#8243; wpex_bg_overlay_opacity=&#8221;20%&#8221;][vc_column][vc_column_text css=&#8221;&#8221; color=&#8221;#ffffff&#8221; text_align=&#8221;center&#8221; font_size=&#8221;d:2.4em|tl:2em|tp:2em|pl:1.5em|pp:1.5em&#8221;] Servicios [\/vc_column_text][\/vc_column][\/vc_row][vc_row center_row=&#8221;yes&#8221; css=&#8221;.vc_custom_1463503932805{padding-top: 70px !important;padding-right: 7% !important;padding-left: 7% !important;background-color: #ffffff !important;}&#8221; el_class=&#8221;BodyGradient&#8221;][vc_column][vc_column_text css=&#8221;&#8221;] Consultor\u00eda en Ingenier\u00eda Civil &#8211; Planificaci\u00f3n de Transporte &#8211; Ingenier\u00eda de Pavimentos &#8211; Topograf\u00eda LiDAR [\/vc_column_text][vc_separator color=&#8221;custom&#8221; align=&#8221;align_left&#8221; border_width=&#8221;3&#8243; el_width=&#8221;10&#8243; css=&#8221;.vc_custom_1463502323140{padding-top:&hellip;<\/p>\n","protected":false},"author":1,"featured_media":573,"parent":0,"menu_order":0,"comment_status":"closed","ping_status":"closed","template":"","meta":{"footnotes":""},"class_list":["post-14","page","type-page","status-publish","has-post-thumbnail","hentry","entry","has-media"],"yoast_head":"<!-- This site is optimized with the Yoast SEO plugin v27.5 - https:\/\/yoast.com\/product\/yoast-seo-wordpress\/ -->\n<title>Ingenier\u00eda Civil \u2013 Planificaci\u00f3n de Transporte \u2013 Ingenier\u00eda de Pavimentos<\/title>\n<meta name=\"description\" content=\"Servicios de Consultor\u00eda en Ingenier\u00eda Civil \u2013 Planificaci\u00f3n de Transporte \u2013 Ingenier\u00eda de Pavimentos \u2013 Dise\u00f1o, Administraci\u00f3n y Supervisi\u00f3n de Proyectos\" \/>\n<meta name=\"robots\" content=\"index, follow, max-snippet:-1, max-image-preview:large, max-video-preview:-1\" \/>\n<link rel=\"canonical\" href=\"https:\/\/acicorporation.com\/espanol\/services\/\" \/>\n<meta property=\"og:locale\" content=\"en_US\" \/>\n<meta property=\"og:type\" content=\"article\" \/>\n<meta property=\"og:title\" content=\"Ingenier\u00eda Civil \u2013 Planificaci\u00f3n de Transporte \u2013 Ingenier\u00eda de Pavimentos\" \/>\n<meta property=\"og:description\" content=\"Servicios de Consultor\u00eda en Ingenier\u00eda Civil \u2013 Planificaci\u00f3n de Transporte \u2013 Ingenier\u00eda de Pavimentos \u2013 Dise\u00f1o, Administraci\u00f3n y Supervisi\u00f3n de Proyectos\" \/>\n<meta property=\"og:url\" content=\"https:\/\/acicorporation.com\/espanol\/services\/\" \/>\n<meta property=\"og:site_name\" content=\"ACI Corporation Esp\" \/>\n<meta property=\"article:modified_time\" content=\"2025-05-14T16:32:00+00:00\" \/>\n<meta property=\"og:image\" content=\"https:\/\/acicorporation.com\/espanol\/wp-content\/uploads\/sites\/4\/2016\/05\/services-bg-15.jpg\" \/>\n\t<meta property=\"og:image:width\" content=\"1903\" \/>\n\t<meta property=\"og:image:height\" content=\"1047\" \/>\n\t<meta property=\"og:image:type\" content=\"image\/jpeg\" \/>\n<meta name=\"twitter:card\" content=\"summary_large_image\" \/>\n<meta name=\"twitter:label1\" content=\"Est. reading time\" \/>\n\t<meta name=\"twitter:data1\" content=\"3 minutes\" \/>\n<script type=\"application\/ld+json\" class=\"yoast-schema-graph\">{\"@context\":\"https:\\\/\\\/schema.org\",\"@graph\":[{\"@type\":\"WebPage\",\"@id\":\"https:\\\/\\\/acicorporation.com\\\/espanol\\\/services\\\/\",\"url\":\"https:\\\/\\\/acicorporation.com\\\/espanol\\\/services\\\/\",\"name\":\"Ingenier\u00eda Civil \u2013 Planificaci\u00f3n de Transporte \u2013 Ingenier\u00eda de Pavimentos\",\"isPartOf\":{\"@id\":\"https:\\\/\\\/acicorporation.com\\\/espanol\\\/#website\"},\"primaryImageOfPage\":{\"@id\":\"https:\\\/\\\/acicorporation.com\\\/espanol\\\/services\\\/#primaryimage\"},\"image\":{\"@id\":\"https:\\\/\\\/acicorporation.com\\\/espanol\\\/services\\\/#primaryimage\"},\"thumbnailUrl\":\"https:\\\/\\\/i0.wp.com\\\/acicorporation.com\\\/espanol\\\/wp-content\\\/uploads\\\/sites\\\/4\\\/2016\\\/05\\\/services-bg-15.jpg?fit=1903%2C1047&ssl=1\",\"datePublished\":\"2016-05-16T19:16:12+00:00\",\"dateModified\":\"2025-05-14T16:32:00+00:00\",\"description\":\"Servicios de Consultor\u00eda en Ingenier\u00eda Civil \u2013 Planificaci\u00f3n de Transporte \u2013 Ingenier\u00eda de Pavimentos \u2013 Dise\u00f1o, Administraci\u00f3n y Supervisi\u00f3n de Proyectos\",\"breadcrumb\":{\"@id\":\"https:\\\/\\\/acicorporation.com\\\/espanol\\\/services\\\/#breadcrumb\"},\"inLanguage\":\"en-US\",\"potentialAction\":[{\"@type\":\"ReadAction\",\"target\":[\"https:\\\/\\\/acicorporation.com\\\/espanol\\\/services\\\/\"]}]},{\"@type\":\"ImageObject\",\"inLanguage\":\"en-US\",\"@id\":\"https:\\\/\\\/acicorporation.com\\\/espanol\\\/services\\\/#primaryimage\",\"url\":\"https:\\\/\\\/i0.wp.com\\\/acicorporation.com\\\/espanol\\\/wp-content\\\/uploads\\\/sites\\\/4\\\/2016\\\/05\\\/services-bg-15.jpg?fit=1903%2C1047&ssl=1\",\"contentUrl\":\"https:\\\/\\\/i0.wp.com\\\/acicorporation.com\\\/espanol\\\/wp-content\\\/uploads\\\/sites\\\/4\\\/2016\\\/05\\\/services-bg-15.jpg?fit=1903%2C1047&ssl=1\",\"width\":1903,\"height\":1047,\"caption\":\"Dise\u00f1o, Administraci\u00f3n y Supervisi\u00f3n de Proyectos de Ingenier\u00eda Civil\"},{\"@type\":\"BreadcrumbList\",\"@id\":\"https:\\\/\\\/acicorporation.com\\\/espanol\\\/services\\\/#breadcrumb\",\"itemListElement\":[{\"@type\":\"ListItem\",\"position\":1,\"name\":\"Home\",\"item\":\"https:\\\/\\\/acicorporation.com\\\/espanol\\\/\"},{\"@type\":\"ListItem\",\"position\":2,\"name\":\"Servicios\"}]},{\"@type\":\"WebSite\",\"@id\":\"https:\\\/\\\/acicorporation.com\\\/espanol\\\/#website\",\"url\":\"https:\\\/\\\/acicorporation.com\\\/espanol\\\/\",\"name\":\"ACI Corporation\",\"description\":\"Civil Engineering Firm \u2013 Transportation Planning \u2013 Roadway Design and Evaluation \u2013 LiDAR Surveying\",\"publisher\":{\"@id\":\"https:\\\/\\\/acicorporation.com\\\/espanol\\\/#organization\"},\"potentialAction\":[{\"@type\":\"SearchAction\",\"target\":{\"@type\":\"EntryPoint\",\"urlTemplate\":\"https:\\\/\\\/acicorporation.com\\\/espanol\\\/?s={search_term_string}\"},\"query-input\":{\"@type\":\"PropertyValueSpecification\",\"valueRequired\":true,\"valueName\":\"search_term_string\"}}],\"inLanguage\":\"en-US\"},{\"@type\":\"Organization\",\"@id\":\"https:\\\/\\\/acicorporation.com\\\/espanol\\\/#organization\",\"name\":\"ACI USA Inc.\",\"url\":\"https:\\\/\\\/acicorporation.com\\\/espanol\\\/\",\"logo\":{\"@type\":\"ImageObject\",\"inLanguage\":\"en-US\",\"@id\":\"https:\\\/\\\/acicorporation.com\\\/espanol\\\/#\\\/schema\\\/logo\\\/image\\\/\",\"url\":\"https:\\\/\\\/i0.wp.com\\\/acicorporation.com\\\/espanol\\\/wp-content\\\/uploads\\\/sites\\\/4\\\/2016\\\/05\\\/aci-corporation-logo-1.jpg?fit=119%2C84&ssl=1\",\"contentUrl\":\"https:\\\/\\\/i0.wp.com\\\/acicorporation.com\\\/espanol\\\/wp-content\\\/uploads\\\/sites\\\/4\\\/2016\\\/05\\\/aci-corporation-logo-1.jpg?fit=119%2C84&ssl=1\",\"width\":119,\"height\":84,\"caption\":\"ACI USA Inc.\"},\"image\":{\"@id\":\"https:\\\/\\\/acicorporation.com\\\/espanol\\\/#\\\/schema\\\/logo\\\/image\\\/\"},\"sameAs\":[\"https:\\\/\\\/www.linkedin.com\\\/company\\\/aci-usa-inc-\"]}]}<\/script>\n<!-- \/ Yoast SEO plugin. -->","yoast_head_json":{"title":"Ingenier\u00eda Civil \u2013 Planificaci\u00f3n de Transporte \u2013 Ingenier\u00eda de Pavimentos","description":"Servicios de Consultor\u00eda en Ingenier\u00eda Civil \u2013 Planificaci\u00f3n de Transporte \u2013 Ingenier\u00eda de Pavimentos \u2013 Dise\u00f1o, Administraci\u00f3n y Supervisi\u00f3n de Proyectos","robots":{"index":"index","follow":"follow","max-snippet":"max-snippet:-1","max-image-preview":"max-image-preview:large","max-video-preview":"max-video-preview:-1"},"canonical":"https:\/\/acicorporation.com\/espanol\/services\/","og_locale":"en_US","og_type":"article","og_title":"Ingenier\u00eda Civil \u2013 Planificaci\u00f3n de Transporte \u2013 Ingenier\u00eda de Pavimentos","og_description":"Servicios de Consultor\u00eda en Ingenier\u00eda Civil \u2013 Planificaci\u00f3n de Transporte \u2013 Ingenier\u00eda de Pavimentos \u2013 Dise\u00f1o, Administraci\u00f3n y Supervisi\u00f3n de Proyectos","og_url":"https:\/\/acicorporation.com\/espanol\/services\/","og_site_name":"ACI Corporation Esp","article_modified_time":"2025-05-14T16:32:00+00:00","og_image":[{"width":1903,"height":1047,"url":"https:\/\/acicorporation.com\/espanol\/wp-content\/uploads\/sites\/4\/2016\/05\/services-bg-15.jpg","type":"image\/jpeg"}],"twitter_card":"summary_large_image","twitter_misc":{"Est. reading time":"3 minutes"},"schema":{"@context":"https:\/\/schema.org","@graph":[{"@type":"WebPage","@id":"https:\/\/acicorporation.com\/espanol\/services\/","url":"https:\/\/acicorporation.com\/espanol\/services\/","name":"Ingenier\u00eda Civil \u2013 Planificaci\u00f3n de Transporte \u2013 Ingenier\u00eda de Pavimentos","isPartOf":{"@id":"https:\/\/acicorporation.com\/espanol\/#website"},"primaryImageOfPage":{"@id":"https:\/\/acicorporation.com\/espanol\/services\/#primaryimage"},"image":{"@id":"https:\/\/acicorporation.com\/espanol\/services\/#primaryimage"},"thumbnailUrl":"https:\/\/i0.wp.com\/acicorporation.com\/espanol\/wp-content\/uploads\/sites\/4\/2016\/05\/services-bg-15.jpg?fit=1903%2C1047&ssl=1","datePublished":"2016-05-16T19:16:12+00:00","dateModified":"2025-05-14T16:32:00+00:00","description":"Servicios de Consultor\u00eda en Ingenier\u00eda Civil \u2013 Planificaci\u00f3n de Transporte \u2013 Ingenier\u00eda de Pavimentos \u2013 Dise\u00f1o, Administraci\u00f3n y Supervisi\u00f3n de Proyectos","breadcrumb":{"@id":"https:\/\/acicorporation.com\/espanol\/services\/#breadcrumb"},"inLanguage":"en-US","potentialAction":[{"@type":"ReadAction","target":["https:\/\/acicorporation.com\/espanol\/services\/"]}]},{"@type":"ImageObject","inLanguage":"en-US","@id":"https:\/\/acicorporation.com\/espanol\/services\/#primaryimage","url":"https:\/\/i0.wp.com\/acicorporation.com\/espanol\/wp-content\/uploads\/sites\/4\/2016\/05\/services-bg-15.jpg?fit=1903%2C1047&ssl=1","contentUrl":"https:\/\/i0.wp.com\/acicorporation.com\/espanol\/wp-content\/uploads\/sites\/4\/2016\/05\/services-bg-15.jpg?fit=1903%2C1047&ssl=1","width":1903,"height":1047,"caption":"Dise\u00f1o, Administraci\u00f3n y Supervisi\u00f3n de Proyectos de Ingenier\u00eda Civil"},{"@type":"BreadcrumbList","@id":"https:\/\/acicorporation.com\/espanol\/services\/#breadcrumb","itemListElement":[{"@type":"ListItem","position":1,"name":"Home","item":"https:\/\/acicorporation.com\/espanol\/"},{"@type":"ListItem","position":2,"name":"Servicios"}]},{"@type":"WebSite","@id":"https:\/\/acicorporation.com\/espanol\/#website","url":"https:\/\/acicorporation.com\/espanol\/","name":"ACI Corporation","description":"Civil Engineering Firm \u2013 Transportation Planning \u2013 Roadway Design and Evaluation \u2013 LiDAR Surveying","publisher":{"@id":"https:\/\/acicorporation.com\/espanol\/#organization"},"potentialAction":[{"@type":"SearchAction","target":{"@type":"EntryPoint","urlTemplate":"https:\/\/acicorporation.com\/espanol\/?s={search_term_string}"},"query-input":{"@type":"PropertyValueSpecification","valueRequired":true,"valueName":"search_term_string"}}],"inLanguage":"en-US"},{"@type":"Organization","@id":"https:\/\/acicorporation.com\/espanol\/#organization","name":"ACI USA Inc.","url":"https:\/\/acicorporation.com\/espanol\/","logo":{"@type":"ImageObject","inLanguage":"en-US","@id":"https:\/\/acicorporation.com\/espanol\/#\/schema\/logo\/image\/","url":"https:\/\/i0.wp.com\/acicorporation.com\/espanol\/wp-content\/uploads\/sites\/4\/2016\/05\/aci-corporation-logo-1.jpg?fit=119%2C84&ssl=1","contentUrl":"https:\/\/i0.wp.com\/acicorporation.com\/espanol\/wp-content\/uploads\/sites\/4\/2016\/05\/aci-corporation-logo-1.jpg?fit=119%2C84&ssl=1","width":119,"height":84,"caption":"ACI USA Inc."},"image":{"@id":"https:\/\/acicorporation.com\/espanol\/#\/schema\/logo\/image\/"},"sameAs":["https:\/\/www.linkedin.com\/company\/aci-usa-inc-"]}]}},"jetpack_sharing_enabled":true,"_links":{"self":[{"href":"https:\/\/acicorporation.com\/espanol\/wp-json\/wp\/v2\/pages\/14","targetHints":{"allow":["GET"]}}],"collection":[{"href":"https:\/\/acicorporation.com\/espanol\/wp-json\/wp\/v2\/pages"}],"about":[{"href":"https:\/\/acicorporation.com\/espanol\/wp-json\/wp\/v2\/types\/page"}],"author":[{"embeddable":true,"href":"https:\/\/acicorporation.com\/espanol\/wp-json\/wp\/v2\/users\/1"}],"replies":[{"embeddable":true,"href":"https:\/\/acicorporation.com\/espanol\/wp-json\/wp\/v2\/comments?post=14"}],"version-history":[{"count":0,"href":"https:\/\/acicorporation.com\/espanol\/wp-json\/wp\/v2\/pages\/14\/revisions"}],"wp:featuredmedia":[{"embeddable":true,"href":"https:\/\/acicorporation.com\/espanol\/wp-json\/wp\/v2\/media\/573"}],"wp:attachment":[{"href":"https:\/\/acicorporation.com\/espanol\/wp-json\/wp\/v2\/media?parent=14"}],"curies":[{"name":"wp","href":"https:\/\/api.w.org\/{rel}","templated":true}]}}